{"id":365,"date":"2018-09-18T19:54:31","date_gmt":"2018-09-18T20:54:31","guid":{"rendered":"http:\/\/www.hoxfort.sk\/?page_id=365"},"modified":"2025-07-09T05:39:50","modified_gmt":"2025-07-09T06:39:50","slug":"szlovak-nyelvkor","status":"publish","type":"page","link":"https:\/\/www.hoxfort.sk\/?page_id=365&lang=hu","title":{"rendered":"\u00d3VODAPEDAG\u00d3GUS"},"content":{"rendered":"<p>&nbsp;<\/p>\n<p>&nbsp;<\/p>\n<p><img loading=\"lazy\" decoding=\"async\" class=\"alignnone size-medium wp-image-1181\" src=\"https:\/\/www.hoxfort.sk\/wp-content\/uploads\/2022\/10\/38701554-nursery-teacher-playing-with-the-kids-300x200.jpg\" alt=\"\" width=\"300\" height=\"200\" srcset=\"https:\/\/www.hoxfort.sk\/wp-content\/uploads\/2022\/10\/38701554-nursery-teacher-playing-with-the-kids-300x200.jpg 300w, https:\/\/www.hoxfort.sk\/wp-content\/uploads\/2022\/10\/38701554-nursery-teacher-playing-with-the-kids-140x93.jpg 140w, https:\/\/www.hoxfort.sk\/wp-content\/uploads\/2022\/10\/38701554-nursery-teacher-playing-with-the-kids.jpg 660w\" sizes=\"(max-width: 300px) 100vw, 300px\" \/><\/p>\n<h1><strong>U\u010dite\u013eka v M\u0160<\/strong><\/h1>\n<p><span style=\"color: #339966;\"><strong>Poz\u00edcia vyhovuj\u00faca pre uch\u00e1dza\u010da so vzdelan\u00edm, absolventa aj \u0161tudenta dia\u013ekov\u00e9ho \u0161t\u00fadia v odbore\u00a0<\/strong><\/span><\/p>\n<p>stredo\u0161kolsk\u00e9 s maturitou<br \/>\nnadstavbov\u00e9\/vy\u0161\u0161ie odborn\u00e9 vzdelanie<br \/>\n\u0161tudent vysokej \u0161koly<br \/>\nvysoko\u0161kolsk\u00e9 I. stup\u0148a<br \/>\nvysoko\u0161kolsk\u00e9 II. stup\u0148a<\/p>\n<p><strong>Vzdelanie v odbore<\/strong><\/p>\n<p>u\u010dite\u013estvo pre matersk\u00e9 \u0161koly<\/p>\n<p><strong>Miesto pr\u00e1ce<\/strong><br \/>\nKuku\u010d\u00ednova 6666, Dunajsk\u00e1 Streda<\/p>\n<p><strong>Druh pracovn\u00e9ho pomeru<\/strong><\/p>\n<p>pln\u00fd \u00fav\u00e4zok<\/p>\n<p><strong>Pracovn\u00fd \u010das\u00a0<\/strong>(pondelok-piatok)<\/p>\n<p><strong><span style=\"color: #3366ff;\">zmena 1<\/span>\u00a0 \u00a0od<\/strong> 7:00 <strong>do<\/strong> 15:30<\/p>\n<p><strong><span style=\"color: #3366ff;\">zmena 2\u00a0<\/span> \u00a0od<\/strong> 8:30\u00a0<strong>do<\/strong> 17:00<\/p>\n<p><strong>Term\u00edn n\u00e1stupu<\/strong><br \/>\n<strong><span style=\"color: #ff0000;\">Poz\u00edcia je obsaden\u00e1<\/span><\/strong><\/p>\n<p><strong>Mzdov\u00e9 podmienky (brutto)<\/strong><br \/>\nn\/a<\/p>\n<p><strong>Mzdov\u00e9 podmienky (netto)<\/strong><br \/>\nn\/a<\/p>\n<p><strong>N\u00e1pl\u0148 pr\u00e1ce, pr\u00e1vomoci a zodpovednosti<\/strong><\/p>\n<p>\u2013 v\u00fdchovno-vzdel\u00e1vacia a komunika\u010dn\u00e1 \u010dinnos\u0165 v MJ zameran\u00e1 na rozvoj det\u00ed M\u0160 2,5-6 rokov<br \/>\n\u2013 pr\u00edprava na denn\u00fa \u010dinnos\u0165<br \/>\n\u2013 \u00fa\u010das\u0165 na porad\u00e1ch, akci\u00e1ch a aktivit\u00e1ch \u0161k\u00f4lky<\/p>\n<p><strong>Zamestnaneck\u00e9 v\u00fdhody, benefity<\/strong><\/p>\n<p>rodinn\u00e9 prostredie<br \/>\npriestor pre sebarealiz\u00e1ciu<\/p>\n<p><strong>Jazykov\u00e9 znalosti<\/strong><\/p>\n<p>ma\u010farsk\u00fd jazyk a slovensk\u00fd jazyk<\/p>\n<p><strong>Osobnostn\u00e9 predpoklady a zru\u010dnosti<\/strong><\/p>\n<p>komunik\u00e1cia (jednanie s \u013eu\u010fmi), kultivovan\u00fd slovn\u00fd prejav, schopnos\u0165, vyjadrovania sa, t\u00edmov\u00e1 pr\u00e1ca, tvorivos\u0165 (kreativita), samostatnos\u0165, osobnostn\u00fd rozvoj, pozornos\u0165, prec\u00edznos\u0165 (presnos\u0165), cie\u013eavedomos\u0165, iniciat\u00edvnos\u0165, trpezlivos\u0165, spo\u013eahlivos\u0165, empatia, ochota pom\u00e1ha\u0165 (zmysel pre spolupatri\u010dnos\u0165), vn\u00fatorn\u00e1 stabilita<\/p>\n<p><strong>Kontakt<\/strong><\/p>\n<p>Motiva\u010dn\u00fd list spolu so \u017eivotopisom v slovenskom jazyku zasielajte na <a href=\"mailto:hoxfort@hoxfort.sk\">hoxfort@hoxfort.sk<\/a> Do predmetu spr\u00e1vy uve\u010fte pros\u00edm U\u010dite\u013eka M\u0160.<br \/>\nKontaktova\u0165 budem len t\u00fdch, ktor\u00ed sp\u013a\u0148aj\u00fa uveden\u00e9 krit\u00e9ri\u00e1.<br \/>\n\u010eakujem v\u0161etk\u00fdm uch\u00e1dza\u010dom za prejaven\u00fd z\u00e1ujem.<\/p>\n","protected":false},"excerpt":{"rendered":"<p>&nbsp; &nbsp; U\u010dite\u013eka v M\u0160 Poz\u00edcia vyhovuj\u00faca pre uch\u00e1dza\u010da so vzdelan\u00edm, absolventa aj \u0161tudenta dia\u013ekov\u00e9ho \u0161t\u00fadia v odbore\u00a0 stredo\u0161kolsk\u00e9 s maturitou nadstavbov\u00e9\/vy\u0161\u0161ie odborn\u00e9 vzdelanie \u0161tudent vysokej \u0161koly vysoko\u0161kolsk\u00e9 I. stup\u0148a&hellip;<\/p>\n","protected":false},"author":1,"featured_media":1181,"parent":0,"menu_order":0,"comment_status":"closed","ping_status":"closed","template":"","meta":{"_monsterinsights_skip_tracking":false,"_monsterinsights_sitenote_active":false,"_monsterinsights_sitenote_note":"","_monsterinsights_sitenote_category":0,"footnotes":""},"_links":{"self":[{"href":"https:\/\/www.hoxfort.sk\/index.php?rest_route=\/wp\/v2\/pages\/365"}],"collection":[{"href":"https:\/\/www.hoxfort.sk\/index.php?rest_route=\/wp\/v2\/pages"}],"about":[{"href":"https:\/\/www.hoxfort.sk\/index.php?rest_route=\/wp\/v2\/types\/page"}],"author":[{"embeddable":true,"href":"https:\/\/www.hoxfort.sk\/index.php?rest_route=\/wp\/v2\/users\/1"}],"replies":[{"embeddable":true,"href":"https:\/\/www.hoxfort.sk\/index.php?rest_route=%2Fwp%2Fv2%2Fcomments&post=365"}],"version-history":[{"count":32,"href":"https:\/\/www.hoxfort.sk\/index.php?rest_route=\/wp\/v2\/pages\/365\/revisions"}],"predecessor-version":[{"id":2519,"href":"https:\/\/www.hoxfort.sk\/index.php?rest_route=\/wp\/v2\/pages\/365\/revisions\/2519"}],"wp:featuredmedia":[{"embeddable":true,"href":"https:\/\/www.hoxfort.sk\/index.php?rest_route=\/wp\/v2\/media\/1181"}],"wp:attachment":[{"href":"https:\/\/www.hoxfort.sk\/index.php?rest_route=%2Fwp%2Fv2%2Fmedia&parent=365"}],"curies":[{"name":"wp","href":"https:\/\/api.w.org\/{rel}","templated":true}]}}