{"id":359,"date":"2018-09-18T19:47:53","date_gmt":"2018-09-18T20:47:53","guid":{"rendered":"http:\/\/www.hoxfort.sk\/?page_id=359"},"modified":"2018-09-18T19:47:54","modified_gmt":"2018-09-18T20:47:54","slug":"celok","status":"publish","type":"page","link":"https:\/\/www.hoxfort.sk\/?page_id=359&lang=hu","title":{"rendered":"C\u00c9LOK"},"content":{"rendered":"\n<ul><li>a gyermek komplex egy\u00e9nis\u00e9g\u00e9nek fejleszt\u00e9se, hogy k\u00e9pes legyen beilleszkedni a jelenlegi szociokultur\u00e1lis k\u00f6rnyezetbe, \u00e9s tov\u00e1bbi \u00e9let\u00e9ben \u00e9s k\u00e9pz\u00e9s\u00e9ben \u00e9rv\u00e9nyes\u00fclni tudjon<\/li><li>a kultur\u00e1lis m\u0171velts\u00e9g alapk\u00e9szs\u00e9geinek (kompetenci\u00e1inak) fejleszt\u00e9se<\/li><li>a gyermek \u00f6n\u00e1ll\u00f3s\u00e1g\u00e1nak \u00e9s auton\u00f3mi\u00e1j\u00e1nak fejleszt\u00e9se<\/li><li>a gyermek szem\u00e9lyi identit\u00e1s\u00e1nak fejleszt\u00e9se<\/li><li>a gyermek egyedis\u00e9g\u00e9nek \u00e9s k\u00fcl\u00f6nlegess\u00e9g\u00e9nek (tehets\u00e9g \u00e9s adotts\u00e1g) fejleszt\u00e9se szem\u00e9lyre szabott programok \u00e9s tev\u00e9kenys\u00e9gek seg\u00edts\u00e9g\u00e9vel<\/li><li>alapvet\u0151 kommunik\u00e1ci\u00f3s k\u00e9pess\u00e9gek fejleszt\u00e9se anyanyelv\u00e9n \u00e9s m\u00e1sodik nyelv\u00e9n (magyar vagy szlov\u00e1k) \u00e9s idegen nyelvi \u2013 angol nyelvi alapok, hogy a gyermek egy bizonyos id\u0151 ut\u00e1n k\u00e9pes legyen h\u00e1rom nyelven kommunik\u00e1lni (kommunik\u00e1ci\u00f3s m\u0171velts\u00e9g fejleszt\u00e9se)<\/li><li>a szoci\u00e1lis kompetenci\u00e1k (szoci\u00e1lis m\u0171velts\u00e9g) fejleszt\u00e9se<\/li><li>a jelens\u00e9gek meg\u00e9rt\u00e9s\u00e9t lehet\u0151v\u00e9 tev\u0151 matematikai-logikai \u00e9s term\u00e9szettudom\u00e1nyi kompetenci\u00e1k (matematikai m\u0171velts\u00e9g, term\u00e9szettudom\u00e1nyi m\u0171velts\u00e9g) fejleszt\u00e9se<\/li><li>a motoros k\u00e9szs\u00e9gek (motoros m\u0171velts\u00e9g) fejleszt\u00e9se \u00e9s a helyes testtart\u00e1s t\u00e1mogat\u00e1sa, az eg\u00e9szs\u00e9g t\u00e1mogat\u00e1sa \u00e9s a gyermekbetegs\u00e9gek megel\u0151z\u00e9se<\/li><li>a multim\u00e9di\u00e1s k\u00e9szs\u00e9gek (sz\u00e1m\u00edt\u00f3g\u00e9pes \u00e9s multim\u00e9di\u00e1s m\u0171velts\u00e9g) fejleszt\u00e9se<\/li><li>m\u0171v\u00e9szi k\u00e9szs\u00e9gek fejleszt\u00e9se (sz\u00ednh\u00e1zm\u0171v\u00e9szet, zenem\u0171v\u00e9szet, k\u00e9pz\u0151m\u0171v\u00e9szet) m\u0171v\u00e9szeti m\u0171velts\u00e9g<\/li><\/ul>\n","protected":false},"excerpt":{"rendered":"<p>a gyermek komplex egy\u00e9nis\u00e9g\u00e9nek fejleszt\u00e9se, hogy k\u00e9pes legyen beilleszkedni a jelenlegi szociokultur\u00e1lis k\u00f6rnyezetbe, \u00e9s tov\u00e1bbi \u00e9let\u00e9ben \u00e9s k\u00e9pz\u00e9s\u00e9ben \u00e9rv\u00e9nyes\u00fclni tudjon a kultur\u00e1lis m\u0171velts\u00e9g alapk\u00e9szs\u00e9geinek (kompetenci\u00e1inak) fejleszt\u00e9se a gyermek \u00f6n\u00e1ll\u00f3s\u00e1g\u00e1nak \u00e9s&hellip;<\/p>\n","protected":false},"author":1,"featured_media":0,"parent":0,"menu_order":0,"comment_status":"closed","ping_status":"closed","template":"","meta":{"_monsterinsights_skip_tracking":false,"_monsterinsights_sitenote_active":false,"_monsterinsights_sitenote_note":"","_monsterinsights_sitenote_category":0,"footnotes":""},"_links":{"self":[{"href":"https:\/\/www.hoxfort.sk\/index.php?rest_route=\/wp\/v2\/pages\/359"}],"collection":[{"href":"https:\/\/www.hoxfort.sk\/index.php?rest_route=\/wp\/v2\/pages"}],"about":[{"href":"https:\/\/www.hoxfort.sk\/index.php?rest_route=\/wp\/v2\/types\/page"}],"author":[{"embeddable":true,"href":"https:\/\/www.hoxfort.sk\/index.php?rest_route=\/wp\/v2\/users\/1"}],"replies":[{"embeddable":true,"href":"https:\/\/www.hoxfort.sk\/index.php?rest_route=%2Fwp%2Fv2%2Fcomments&post=359"}],"version-history":[{"count":1,"href":"https:\/\/www.hoxfort.sk\/index.php?rest_route=\/wp\/v2\/pages\/359\/revisions"}],"predecessor-version":[{"id":360,"href":"https:\/\/www.hoxfort.sk\/index.php?rest_route=\/wp\/v2\/pages\/359\/revisions\/360"}],"wp:attachment":[{"href":"https:\/\/www.hoxfort.sk\/index.php?rest_route=%2Fwp%2Fv2%2Fmedia&parent=359"}],"curies":[{"name":"wp","href":"https:\/\/api.w.org\/{rel}","templated":true}]}}