{"id":2047,"date":"2024-09-09T05:21:50","date_gmt":"2024-09-09T06:21:50","guid":{"rendered":"https:\/\/www.hoxfort.sk\/?page_id=2047"},"modified":"2026-04-18T12:45:49","modified_gmt":"2026-04-18T13:45:49","slug":"ker","status":"publish","type":"page","link":"https:\/\/www.hoxfort.sk\/?page_id=2047","title":{"rendered":"\u010cAST\u00c9 OT\u00c1ZKY"},"content":{"rendered":"<p><em><img loading=\"lazy\" decoding=\"async\" class=\"alignnone size-full wp-image-2667\" src=\"https:\/\/www.hoxfort.sk\/wp-content\/uploads\/2026\/04\/WEB.png\" alt=\"\" width=\"1170\" height=\"483\" srcset=\"https:\/\/www.hoxfort.sk\/wp-content\/uploads\/2026\/04\/WEB.png 1170w, https:\/\/www.hoxfort.sk\/wp-content\/uploads\/2026\/04\/WEB-300x124.png 300w, https:\/\/www.hoxfort.sk\/wp-content\/uploads\/2026\/04\/WEB-1024x423.png 1024w, https:\/\/www.hoxfort.sk\/wp-content\/uploads\/2026\/04\/WEB-768x317.png 768w, https:\/\/www.hoxfort.sk\/wp-content\/uploads\/2026\/04\/WEB-140x58.png 140w\" sizes=\"(max-width: 1170px) 100vw, 1170px\" \/>Na\u0161a matersk\u00e1 \u0161kola pon\u00faka po\u010das letn\u00fdch pr\u00e1zdnin pestr\u00fd, z\u00e1bavn\u00fd program v exteri\u00e9ri aj interi\u00e9ri a atmosf\u00e9ru bohat\u00fa na z\u00e1\u017eitky aj pre deti prich\u00e1dzaj\u00face z in\u00fdch matersk\u00fdch \u0161k\u00f4l. Pre svoje die\u0165a si m\u00f4\u017eete zak\u00fapi\u0165 t\u00fd\u017edenn\u00e9 alebo mesa\u010dn\u00e9 turnusy pod\u013ea vlastn\u00fdch potrieb.<\/em><\/p>\n<p><strong>Otv\u00e1racia doba<\/strong><\/p>\n<p><em>7:00 &#8211; 17:00\u00a0<\/em><\/p>\n<p><strong>Ak\u00fd je program t\u00e1bora?<\/strong><\/p>\n<p><em>Miesta na\u0161ich ka\u017edodenn\u00fdch <\/em><a href=\"https:\/\/www.hoxfort.sk\/?page_id=276\"><strong>aktiv\u00edt<\/strong><\/a> <em>z\u00e1visia od po\u010dasia. V pr\u00edpade nepriazniv\u00e9ho po\u010dasia sa na\u0161e rozmanit\u00e9 z\u00e1bavn\u00e9 a zauj\u00edmav\u00e9 programy konaj\u00fa vo vn\u00fatorn\u00fdch priestoroch a za dobr\u00e9ho po\u010dasia na dvore. Program n\u00e1\u0161ho t\u00e1bora bol zostaven\u00fd tak, aby po\u010dasie neovplyvnilo ka\u017edodenn\u00fa z\u00e1bavu a\u00a0dobr\u00fa n\u00e1ladu det\u00ed.<\/em><\/p>\n<p><strong>\u00a0<\/strong><strong>Ko\u013eko stoj\u00ed t\u00e1bor?<\/strong><\/p>\n<p style=\"text-align: center;\"><a class=\"wp-block-button__link has-background\" style=\"background-color: #c22e2e;\" href=\"https:\/\/www.hoxfort.sk\/wp-content\/uploads\/2025\/12\/CAMP-CENY-2026.png\">Ceny<\/a><\/p>\n<p><strong>Existuj\u00fa nejak\u00e9 \u010fal\u0161ie n\u00e1klady na t\u00e1bor?<\/strong><\/p>\n<p><em>Cena t\u00e1bora zah\u0155\u0148a v\u0161etky n\u00e1klady.<\/em><\/p>\n<p><strong>\u00a0<\/strong><strong>\u010co zah\u0155\u0148a cena t\u00e1bora?<\/strong><\/p>\n<ul>\n<li><em>stravovanie (desiata, obed, olovrant)<\/em><\/li>\n<li><em>konzum\u00e1ciu odpor\u00fa\u010danej dennej d\u00e1vky ovocia a zeleniny<\/em><\/li>\n<li><em>potrebn\u00fd denn\u00fd pitn\u00fd re\u017eim<\/em><\/li>\n<li><em>dozor 10 hod\u00edn denne<\/em><\/li>\n<li><em>poplatok za aktu\u00e1lnu denn\u00fa aktivitu<\/em><\/li>\n<li><em>\u010distenie poste\u013enej bielizne<\/em><\/li>\n<li><em>potreby pre ka\u017edodenn\u00fa osobn\u00fa hygienu<\/em><\/li>\n<li><em>amortiza\u010dn\u00fd poplatok<\/em><\/li>\n<\/ul>\n<p><strong>Od ak\u00e9ho veku m\u00f4\u017eem svoje die\u0165a do t\u00e1bora zaregistrova\u0165 a ak\u00e1 je maxim\u00e1lna vekov\u00e1 hranica?<\/strong><\/p>\n<p><a href=\"https:\/\/www.hoxfort.sk\/?page_id=279\"><strong>Registrova\u0165<\/strong> <\/a><em>do n\u00e1\u0161ho t\u00e1bora je mo\u017en\u00e9 die\u0165a od 2,5 rokov. Maxim\u00e1lna vekov\u00e1 hranica je 7 rokov. Pre vekov\u00fa hranicu 7+ rob\u00edme v\u00fdnimku, ak u\u017e bolo va\u0161e die\u0165a registrovan\u00e9 aj v predch\u00e1dzaj\u00facich ro\u010dn\u00edkoch alebo by sa n\u00e1\u0161ho t\u00e1bora z\u00fa\u010dastnilo ako doprovod pre svojho mlad\u0161ieho s\u00farodenca. <\/em><span style=\"color: #ff0000;\"><strong>V\u00edtame aj deti\u010dky s plienkami s podmienkou, \u017ee rodi\u010d zabezpe\u010d\u00ed plienky.<\/strong><\/span><\/p>\n<p><strong>Moje die\u0165a m\u00e1 potravinov\u00fa alergiu. Je mo\u017en\u00e9 zabezpe\u010di\u0165 \u0161peci\u00e1lnu stravu?<\/strong><\/p>\n<p><em>\u00c1no, v na\u0161om t\u00e1bore vieme zabezpe\u010di\u0165 individu\u00e1lne stravovanie pre va\u0161e die\u0165a\/deti s nasledovn\u00fdmi mo\u017enos\u0165ami:<\/em><\/p>\n<ul>\n<li><em>pri alergii na mlie\u010dnu bielkovinu a intolerancii na lakt\u00f3zu<\/em><\/li>\n<li><em>pri intolerancii na lepok<\/em><\/li>\n<li><em>pri cukrovke<\/em><\/li>\n<li><em>pri n\u00edzkej histam\u00ednovej intolerancii<\/em><\/li>\n<\/ul>\n<p><em>Pri vyp\u013a\u0148an\u00ed <\/em><a href=\"https:\/\/www.hoxfort.sk\/?page_id=279\"><strong>registra\u010dn\u00e9ho formul\u00e1ra<\/strong><\/a><em> uve\u010fte, pros\u00edm, po\u017eadovan\u00fa mo\u017enos\u0165 stravovania pre va\u0161e die\u0165a.<\/em><\/p>\n<p><strong>Od ak\u00e9ho veku nie je povinn\u00fd popolud\u0148aj\u0161\u00ed odpo\u010dinok?<\/strong><\/p>\n<p><em>Popolud\u0148aj\u0161\u00ed odpo\u010dinok nie je povinn\u00fd pre deti od 5 rokov.<\/em><\/p>\n<p><strong>Ako viem svoje die\u0165a zaregistrova\u0165?<\/strong><\/p>\n<p><em>Registr\u00e1ciu je mo\u017en\u00e9 vyplni\u0165 a odosla\u0165 iba elektronicky.<\/em> <a href=\"https:\/\/www.hoxfort.sk\/?page_id=279\"><strong>K<\/strong><\/a><a href=\"https:\/\/www.hoxfort.sk\/?page_id=279\"><strong>liknut\u00edm<\/strong><\/a><a href=\"https:\/\/www.hoxfort.sk\/?page_id=279\"><strong> sem spust\u00edte registr\u00e1ciu.<\/strong><\/a><em> Po va\u0161ej registr\u00e1cii v\u00e1s budeme p\u00edsomne \u200b\u200bkontaktova\u0165 do 48 hod\u00edn.<\/em><\/p>\n<p><strong>\u010co m\u00e1m robi\u0165, ak ma nekontaktujete do 48 hod\u00edn?<\/strong><\/p>\n<p><em>Najprv si, pros\u00edm, skontrolujte prie\u010dinok SPAM e-mailovej schr\u00e1nky, ktor\u00fa ste uviedli pri registr\u00e1cii. Ak ani tam nen\u00e1jdete odpove\u010f od n\u00e1s, kontaktujte n\u00e1s, pros\u00edm, p\u00edsomne \u200b\u200bna na\u0161ej e-mailovej adrese <a href=\"mailto:camp@hoxfort.sk\">camp@hoxfort.sk<\/a>.<\/em><\/p>\n<p><strong>\u010co m\u00e1m robi\u0165 v\u00a0pr\u00edpade ne\u00faspe\u0161nej registr\u00e1cie?<\/strong><\/p>\n<p><em>V pr\u00edpade ne\u00faspe\u0161nej registr\u00e1cie n\u00e1s, pros\u00edm, kontaktujte p\u00edsomne \u200b\u200bna na\u0161ej e-mailovej adrese <a href=\"mailto:camp@hoxfort.sk\">camp@hoxfort.sk<\/a>\u00a0<\/em><\/p>\n<p><strong>Odkedy je mo\u017en\u00e1 registr\u00e1cia?<\/strong><\/p>\n<p><em>Registr\u00e1cie prij\u00edmame od marca, ktor\u00e9 predbe\u017ene aj potvrd\u00edme. Dokumenty s\u00favisiace s registr\u00e1ciou za\u010dneme rozosiela\u0165 od za\u010diatku m\u00e1ja.<\/em><\/p>\n<p><strong>Dokedy je mo\u017en\u00e1 registr\u00e1cia?<\/strong><\/p>\n<p><em>Registr\u00e1cia je mo\u017en\u00e1, pokia\u013e s\u00fa na <\/em><a href=\"https:\/\/www.hoxfort.sk\/?page_id=279\"><strong>registra\u010dnom formul\u00e1ri <\/strong><\/a><em>uveden\u00e9 vo\u013en\u00e9 miesta na dan\u00e9 t\u00fd\u017edne. Po\u010det vo\u013en\u00fdch miest sa aktualizuje ka\u017ed\u00fdch 24 hod\u00edn v t\u00fd\u017edennom rozlo\u017een\u00ed.<\/em><\/p>\n<p><strong>Je mo\u017en\u00e9 po registr\u00e1cii zmeni\u0165 turnus?<\/strong><\/p>\n<p><em>\u00c1no, turnus je mo\u017en\u00e9 zmeni\u0165 na z\u00e1klade term\u00ednov uveden\u00fdch v <\/em><a href=\"https:\/\/www.hoxfort.sk\/?page_id=279\"><strong>registra\u010dnom formul\u00e1ri<\/strong><\/a><em>. V pr\u00edpade zmeny turnusu n\u00e1s, pros\u00edm, kontaktujte p\u00edsomne \u200b\u200bna na\u0161ej e-mailovej adrese <a href=\"mailto:camp@hoxfort.sk\">camp@hoxfort.sk<\/a>.<\/em><\/p>\n<p><strong>Je mo\u017en\u00e9 po registr\u00e1cii prida\u0165 t\u00fd\u017ede\u0148\/t\u00fd\u017edne navy\u0161e k mojej registr\u00e1cii?<\/strong><\/p>\n<p><em>\u00c1no, je mo\u017en\u00e9 prida\u0165 t\u00fd\u017ede\u0148\/t\u00fd\u017edne navy\u0161e k va\u0161ej registr\u00e1cii dodato\u010dne, ak m\u00e1me vo\u013en\u00e9 miesto. V pr\u00edpade doplnenia n\u00e1s, pros\u00edm, kontaktujte p\u00edsomne \u200b\u200bna na\u0161ej e-mailovej adrese <a href=\"mailto:camp@hoxfort.sk\">camp@hoxfort.sk<\/a>\u00a0\u00a0Doplnenie nevy\u017eaduje vyplnenie nov\u00fdch dokumentov.<\/em><\/p>\n<p><strong>Ko\u013eko stoj\u00ed registr\u00e1cia t\u00fd\u017ed\u0148a\/t\u00fd\u017ed\u0148ov navy\u0161e?<\/strong><\/p>\n<p><em>Pr\u00edklad: ak ste svoje die\u0165a zaregistrovali na 1 t\u00fd\u017ede\u0148 za 180 EUR a chcete si k registr\u00e1cii prida\u0165 +1 t\u00fd\u017ede\u0148, v takom pr\u00edpade odpo\u010d\u00edtame 180 EUR, ktor\u00e9 ste u\u017e zaplatili, z ceny 2 t\u00fd\u017ed\u0148ov (300 EUR). Tak\u017ee cena pridan\u00e9ho t\u00fd\u017ed\u0148a bude 120 EUR. Vo v\u0161etk\u00fdch pr\u00edpadoch berieme rozdiel ako z\u00e1klad.<\/em><\/p>\n<p><strong>Ako zaregistrujem s\u00farodencov?<\/strong><\/p>\n<p><em>V pr\u00edpade s\u00farodencov je potrebn\u00e9 deti zaregistrova\u0165 samostatne.<\/em><\/p>\n<p><strong>Je mo\u017en\u00e9 die\u0165a zaregistrova\u0165 na 1-2 dni?<\/strong><\/p>\n<p><em>Die\u0165a je mo\u017en\u00e9 zaregistrova\u0165 len na obdobie cel\u00e9ho t\u00fd\u017ed\u0148a, nieko\u013ek\u00fdch t\u00fd\u017ed\u0148ov alebo mesiaca.<\/em><\/p>\n<p><strong>V\u0160ETKY OSTATN\u00c9 D\u00d4LE\u017dIT\u00c9 INFORM\u00c1CIE T\u00ddKAJ\u00daCE SA N\u00c1STUPU DO T\u00c1BORA V\u00c1M ZA\u0160LEME PO REGISTR\u00c1CII E-MAILOM.<\/strong><\/p>\n<p><span style=\"color: #ff0000;\"><strong>Zamestnanci na\u0161ej materskej \u0161koly sa venuj\u00fa v\u00fdlu\u010dne de\u0165om. Registra\u010dn\u00e9 z\u00e1le\u017eitosti nie s\u00fa v ich kompetencii. Preto v\u00e1s pros\u00edme, aby ste n\u00e1s v pr\u00edpade ak\u00fdchko\u013evek ot\u00e1zok kontaktovali p\u00edsomne \u200b\u200blen na na\u0161ej e-mailovej adrese<\/strong> <a href=\"mailto:camp@hoxfort.sk\">camp@hoxfort.sk<\/a>.<\/span><\/p>\n<p style=\"text-align: center;\"><a class=\"wp-block-button__link has-background\" style=\"background-color: #c22e2e;\" href=\"https:\/\/www.hoxfort.sk\/?page_id=279\">\u010ealej na registr\u00e1ciu<\/a><\/p>\n<p><strong>\u00a0<\/strong><\/p>\n<p><strong>\u00a0<\/strong><\/p>\n<p><strong>\u00a0<\/strong><\/p>\n","protected":false},"excerpt":{"rendered":"<p>Na\u0161a matersk\u00e1 \u0161kola pon\u00faka po\u010das letn\u00fdch pr\u00e1zdnin pestr\u00fd, z\u00e1bavn\u00fd program v exteri\u00e9ri aj interi\u00e9ri a atmosf\u00e9ru bohat\u00fa na z\u00e1\u017eitky aj pre deti prich\u00e1dzaj\u00face z in\u00fdch matersk\u00fdch \u0161k\u00f4l. Pre svoje die\u0165a&hellip;<\/p>\n","protected":false},"author":1,"featured_media":0,"parent":0,"menu_order":0,"comment_status":"closed","ping_status":"closed","template":"","meta":{"_monsterinsights_skip_tracking":false,"_monsterinsights_sitenote_active":false,"_monsterinsights_sitenote_note":"","_monsterinsights_sitenote_category":0,"footnotes":""},"_links":{"self":[{"href":"https:\/\/www.hoxfort.sk\/index.php?rest_route=\/wp\/v2\/pages\/2047"}],"collection":[{"href":"https:\/\/www.hoxfort.sk\/index.php?rest_route=\/wp\/v2\/pages"}],"about":[{"href":"https:\/\/www.hoxfort.sk\/index.php?rest_route=\/wp\/v2\/types\/page"}],"author":[{"embeddable":true,"href":"https:\/\/www.hoxfort.sk\/index.php?rest_route=\/wp\/v2\/users\/1"}],"replies":[{"embeddable":true,"href":"https:\/\/www.hoxfort.sk\/index.php?rest_route=%2Fwp%2Fv2%2Fcomments&post=2047"}],"version-history":[{"count":19,"href":"https:\/\/www.hoxfort.sk\/index.php?rest_route=\/wp\/v2\/pages\/2047\/revisions"}],"predecessor-version":[{"id":2668,"href":"https:\/\/www.hoxfort.sk\/index.php?rest_route=\/wp\/v2\/pages\/2047\/revisions\/2668"}],"wp:attachment":[{"href":"https:\/\/www.hoxfort.sk\/index.php?rest_route=%2Fwp%2Fv2%2Fmedia&parent=2047"}],"curies":[{"name":"wp","href":"https:\/\/api.w.org\/{rel}","templated":true}]}}